5
Suppose 0 = 4*w - 2863 - 289. List the prime factors of w.
2, 197
Let u = 17 - 9. Suppose -m + 0*m = -u. Let j = -2 + m. What are the prime factors of j?
2, 3
Let r(o) = o**2 + 8*o + 6. Let m be r(-9). Suppose 0 = -2*v - 0*v + 14. Let s = v + m. List the prime factors of s.
2, 11
Let p be 25/6 - (5 + (-116)/24). Suppose -3*v = -9, -p*n + 2*n + 248 = 2*v. List the prime factors of n.
11
Let s(m) = 3*m + 18. Let r be s(-5). Suppose 854 = 2*h + 2*h + r*j, -4*h + 852 = 2*j. What are the prime factors of h?
2, 53
Let p = -165 + 167. Suppose p*t = 5 + 13. What are the prime factors of t?
3
Let r(q) be the second derivative of -q**5/20 + q**4/12 + q**3/6 + 3*q**2/2 - 29*q. What are the prime factors of r(-4)?
79
Let w be 194*(8/6)/(3/(-9)). What are the prime factors of w/(-12) + (-2)/(-6)?
5, 13
Let v(o) = -o**2 - 14*o - 6. Let l be v(-9). Let a = l + 0. Let n = -20 + a. What are the prime factors of n?
19
Suppose 4*p + 82 = -3*o, 6*o = -4*p + o - 86. Let k = -34 - p. List the prime factors of -5*(1 - (-48)/k).
11
Suppose 6*y = -y + 63. Let s be ((-1)/(-3))/(2/114). Let j = y + s. List the prime factors of j.
2, 7
Suppose 5*h + 5*t - 20 = 0, -9 + 4 = -2*h - 3*t. Suppose -1186 = -h*p + 410. Suppose 5*q - 280 = 3*l, -5*l + p = 3*q + 60. What are the prime factors of q?
2, 7
Suppose s - 8 = -0*s. Suppose -144 = 6*u - s*u. What are the prime factors of u?
2, 3
Let b(f) = 2*f**2 + f - 2. Suppose 3 - 33 = 3*h. Let j be b(h). List the prime factors of ((-2)/4)/((-2)/j).
47
Let q(h) = 23*h**2 + 9*h + 9. What are the prime factors of q(8)?
1553
Let j be (-2)/(-6)*27/1. Suppose 0 = 8*g - j*g + 69. What are the prime factors of g?
3, 23
Suppose 2*u - 6*x = -4*x + 3708, 3*x = -2*u + 3693. List the prime factors of u.
3, 617
Suppose 4*f - 200 = 5*r, -3*r + f - 6*f = 83. Let p be 5/(15/4)*39. Let t = p + r. List the prime factors of t.
2
Suppose -1 = -5*g + 9. Let r = -47 - -65. Suppose g*u = -r + 84. What are the prime factors of u?
3, 11
Suppose 2*d - 27 = -9. List the prime factors of (-2 - d/(-2))*154/11.
5, 7
Suppose -3*h + l = -3241, 3*h + l + 1310 = 4543. List the prime factors of h.
13, 83
Let t = -2657 + 4246. What are the prime factors of t?
7, 227
Suppose x - 25 = 2*x. Let m = -3 + x. Let b = m + 47. What are the prime factors of b?
19
Suppose -2*c - 5*o + 139 = 0, -2*c + o = -5*c + 215. Suppose -3*w = -5*w + c. What are the prime factors of w?
2, 3
Let w(f) = 5*f**2 + 13*f**2 - 12*f - 19*f**2. What are the prime factors of w(-7)?
5, 7
Suppose -5*s - 75 = 5*y - 0*y, s = -4*y - 51. Let k(x) = 5 - 8*x + 6*x - x**3 - 13*x**2 - 10*x. What are the prime factors of k(y)?
5
Let a = 12 + -12. Suppose -3*m - 3*y + 9 = 0, a = m + 4*m - y - 27. Suppose 135 = m*l - 0*l. What are the prime factors of l?
3
Let r be (-92)/(-28) - (-2)/(-7). Suppose r*o - 13 = 362. List the prime factors of o.
5
Let b(l) = -4*l + 4. Let p be b(-2). Let k = -10 + p. Suppose z = -k*z + 21. What are the prime factors of z?
7
Suppose 5*l = -19 + 49. Let n be ((-222)/18)/(1/l). Let b = -18 - n. What are the prime factors of b?
2, 7
List the prime factors of (-2)/3 - (2870/(-3) + 6).
2, 5, 19
Let q = 26 + -38. Let z(g) = g**3 + 12*g**2 - 7*g - 8. What are the prime factors of z(q)?
2, 19
Let i = 11 + -7. Let r be i/14 + 1832/56. Suppose 2*t = -4*z + 44, 3*z - 2*t - r = 3*t. What are the prime factors of z?
11
Let x be ((-28)/6)/(8/(-12)). Let m = x + -5. What are the prime factors of 0 - m/((-4)/54)?
3
Suppose u - 157 = 5*r, r = 6*r + 5*u + 175. Let n = -16 - r. Let t = n + 0. List the prime factors of t.
2
Let r = 4 - 4. Let a be -2 + 3 - (-3 + -1). Suppose 2*d - a*d + 15 = r. List the prime factors of d.
5
Let x(u) = 2*u**2 + 4*u + 2. Let d be x(-2). List the prime factors of -2 - (-188)/d - -2.
2, 47
Suppose 3*k - 2*k = 0. Suppose 3*y + 7*i - 141 = 2*i, k = -y - 3*i + 51. List the prime factors of y.
2, 3, 7
Let m = 830 - 831. Let i(o) be the third derivative of 23*o**5/60 - o**4/12 - o**3/3 - o**2. What are the prime factors of i(m)?
23
Let u = 240 - -88. What are the prime factors of u?
2, 41
Let l(g) = -g - 5*g + 5 + 3. Suppose 3*x - 2*x - 3*b + 4 = 0, 2*x + 3*b = -8. What are the prime factors of l(x)?
2
Suppose -8*p - 6*q + 4*q + 47764 = 0, -p - 3*q = -5965. What are the prime factors of p?
7, 853
Suppose 561 + 860 = 7*v. List the prime factors of v.
7, 29
List the prime factors of (-198)/1*((-693)/27 + 4).
2, 3, 5, 11, 13
Let f be (-134 - (1 + 3))/(-1). Let y = 222 - f. List the prime factors of y.
2, 3, 7
Let t = 70 + -54. Let i(j) = j**3 - 16*j**2 + 8*j + 10. List the prime factors of i(t).
2, 3, 23
Let d = -833 - -1466. List the prime factors of d.
3, 211
Let w(y) = y**3 - 6*y**2 - 5*y - 8. Let h be w(7). What are the prime factors of (h + -4)/(4/82)?
41
Suppose -v = -11*o + 7*o + 140, 0 = v + 4. List the prime factors of o.
2, 17
What are the prime factors of (0 - 10744/(-10))/(406/1015)?
2, 17, 79
Suppose w - 239 - 1209 = 0. List the prime factors of w.
2, 181
Let q be (9/2)/((-1)/(-2)). List the prime factors of 2/(-9) + 1037/q.
5, 23
Suppose -6*n = -361 - 335. Let t = n + -71. List the prime factors of t.
3, 5
Let w(q) = -23*q - 131. What are the prime factors of w(-8)?
53
Suppose -1126 = -7*c + 379. Suppose 2*b = -2*v - 2*v + 180, -2*b + 3*v + c = 0. List the prime factors of b.
2, 5
Let j(r) = r**3 - r**2 - r + 2. Let k be j(-2). Let u be (0 - -2)*(-20)/k. Suppose 5*f - 35 - u = 0. What are the prime factors of f?
2
Let y = -258 + 638. Suppose 2*h - y = -0*h. Suppose 0 = 3*m - 8*m + h. What are the prime factors of m?
2, 19
Let v be (-431)/(-3) + 3/9. Suppose 3*l + v = l. List the prime factors of 439/9 + (-16)/l.
7
Suppose -6*k - 10 = -46. Suppose 0 = -k*c + 41 + 7. List the prime factors of c.
2
Let p be ((-1)/2)/((-1)/(-2))*35. Let y = 53 + p. What are the prime factors of y?
2, 3
Let h(o) = 15*o**2 + 4*o - 4. Let z be (-39)/(-15) + (-6)/10. What are the prime factors of h(z)?
2
Suppose -32 + 230 = -2*x. Let l = 161 + x. What are the prime factors of l?
2, 31
Suppose 154 = 17*u - 10*u. List the prime factors of u.
2, 11
Suppose 1061*t - 1063*t + 682 = 0. List the prime factors of t.
11, 31
Suppose -95 - 33 = -8*a. Suppose -a*o = -15*o - 3. What are the prime factors of o?
3
Let a be 3/4 - 468/(-16). Suppose 3*k + a - 246 = 3*p, -5*k = 4*p - 369. What are the prime factors of k?
73
Suppose -2*n + 11581 = 3*z, -z + 3*z - 17364 = -3*n. List the prime factors of n.
2, 11, 263
Let g = 617 + -906. Let u = 424 + g. List the prime factors of u.
3, 5
Let b(r) = -2*r + 0*r + 3*r + 14 - 2*r. Let y be b(12). Suppose y*w = -w + 48. List the prime factors of w.
2
Suppose 0 = 5*z - 12*b + 8*b - 10699, b + 10696 = 5*z. List the prime factors of z.
3, 23, 31
Suppose 2*m - 11 = -3*k, -4*k - 2*m = -5*m - 43. Suppose 3*s = -k*s + 1460. What are the prime factors of s?
2, 73
Let u be -6 - (3/9*0)/(-2). What are the prime factors of (-7 - (-1240)/16)*(-4)/u?
47
Let k(j) = -8*j**3 - 4*j**2 - 4*j + 1. List the prime factors of k(-1).
3
Let k be 15 + 1 - 2 - 2. Suppose -10*g + k*g = 576. Suppose -4*q = 5*q - g. What are the prime factors of q?
2
Let g(w) = -w**3 + 18*w**2 - 21*w - 14. Let z be g(15). Let o = z + -55. List the prime factors of o.
3, 97
What are the prime factors of (56/10)/((-31)/(-7905))?
2, 3, 7, 17
Suppose v + 16 = -5*p, 0*p + 2*p - 4*v + 24 = 0. Let b = 10 - p. Let d(c) = c**3 - 14*c**2 + 3*c - 1. What are the prime factors of d(b)?
41
Let g(l) be the first derivative of l**4/4 + l**2 + 2*l - 6. What are the prime factors of g(4)?
2, 37
Suppose 4*j - 3*z - 31 = 0, z = j - z - 14. Let p be 1 - (j + 21 + -3). What are the prime factors of 56/p*150/(-8)?
2, 5
Let n(q) = -q**3 + 2*q**2 - 20. List the prime factors of n(-4).
2, 19
Suppose -9*q - 60 = -12*q. What are the prime factors of q/(-5) + 5 + 144?
5, 29
Let b(h) = 18*h**3 - 3*h**2 - 6*h + 5. List the prime factors of b(3).
2, 223
Let l(y) = 7*y + 24. Let k be l(-3). Suppose k*v - 430 = -5*p, 0 = p - 4*p - 5*v + 274. List the prime factors of p.
83
Suppose -5*r + 15 = -4*z, -3*z - 28 = 5*r - 78. Suppose -r - 1 = 4*x. List the prime factors of x - (21 - -3)/(-2).
2, 5
Suppose 1486 - 7366 = -14*t. List the prime factors of t.
2, 3, 5, 7
Suppose -8*f + 396 + 5708 = 0. What are the prime factors of f?
7, 109
List the pri